k) = -k**2 - 10*k + 2. Let y(i) = -2*i**2 - 29*i + 7. Let j(w) = -8*q(w) + 3*y(w). Let z be j(4). What is the hundreds digit of ((-6)/z + 0)/((-2)/333)?
1
Let o(q) = -1241*q + 654. What is the tens digit of o(-6)?
0
Let w(j) = 14*j**2 - 13*j - 17. Let p = 14 - 8. What is the units digit of w(p)?
9
Suppose 0*q = -5*i + 3*q - 40, -4*i - q = 15. Let f(u) = u**3 + 5*u**2 - 3*u + 6. Let b be f(i). Suppose 3*s = -v - s + b, -s = 3. What is the units digit of v?
3
Let l(d) = 102*d**2 - 18*d + 3. What is the thousands digit of l(5)?
2
Let w = -74 - -75. Let l(i) = 24 - 8 + w + 2*i. What is the tens digit of l(4)?
2
Suppose 0 = -5*a + 20, -3*t - 3496 = -a - 28056. What is the thousands digit of t?
8
Suppose -10*d + 6*d = 216. Suppose 0 = -t + 36 + 97. Let y = t + d. What is the tens digit of y?
7
Let d(j) = -42*j**3 - 1 - 144*j**2 - 53*j**3 + 25*j + 157*j**2. What is the units digit of d(-2)?
1
Suppose -3*g + 127833 = -j, -61*g + 62*g + j - 42607 = 0. What is the hundreds digit of g?
6
Let i(f) = -110*f + 258. What is the tens digit of i(-118)?
3
Let s = 176 + -157. Let m(i) = 5*i + 40. What is the units digit of m(s)?
5
Let z be (-1 + 4)*(-28)/12. Let h(p) = -2*p**3 + p**2 - 1. Let b(k) = -9*k**3 + 10*k**2 - 2*k + 10. Let y(v) = -b(v) + 5*h(v). What is the tens digit of y(z)?
6
Let h be 650 + (-6 - 0/6). Suppose 5*v + 8*x = 12*x + 1070, 2*x = 3*v - h. What is the units digit of v?
8
Let s = 430 + -426. Suppose -171 + 4199 = 4*m + 4*r, m + s*r = 1007. What is the hundreds digit of m?
0
Let t be 625/(-50)*(-36)/10. Suppose 4*i - b = b + 10, -5*i - 4*b = -t. Suppose -5*v = 2*d - 341, 6*d - i*v - 765 = d. What is the hundreds digit of d?
1
Let v(h) = 228*h**3 - 2*h**2 + 2*h. Let n(o) = -o**3 - 15*o**2 - 35*o + 13. Let j be n(-12). What is the hundreds digit of v(j)?
2
Suppose 2*y + 104 = 6*y. Let k be (42/9 - 6)/((-4)/12). Suppose y + 122 = k*i. What is the units digit of i?
7
Suppose 120*a = 171751 + 2136089. What is the tens digit of a?
3
Let b(m) = 6 - 242*m**2 + 243*m**2 - 14*m + 7*m. What is the units digit of b(7)?
6
What is the hundreds digit of (56/10 - (-150)/375) + 1 + 9035?
0
Let a = 551 + -477. Suppose -268 - a = -z. What is the tens digit of z?
4
Let x(s) = 324*s**2 - 48*s + 169. What is the thousands digit of x(4)?
5
Let x = 3 - -7. Let j be x/2 - (-8 - -10). Let g(c) = c**2 - 2*c + 4. What is the units digit of g(j)?
7
What is the thousands digit of ((-538)/(-3))/((-3)/(-5) - 21213/35505)?
0
Let t(k) = 45*k + 137. Suppose 0 = -0*s + s + m - 2, 3*s - 2*m - 31 = 0. What is the hundreds digit of t(s)?
4
Suppose 58*y - 114*y = -22*y - 412828. What is the hundreds digit of y?
1
Let i(d) = 7 - 11*d - 8*d + d**3 + 18*d**2 + 9*d. What is the tens digit of i(-18)?
8
Suppose -13*o + 31*o - 34*o + 97472 = 0. What is the units digit of o?
2
Suppose m = 3*m - 6. Suppose o + 0 - m = 0. Let k(j) = 3*j**3 - 2*j**2 + 3*j + 2. What is the tens digit of k(o)?
7
Suppose 0 = -3*m - 18, 60*t - 59*t - 2*m - 14238 = 0. What is the units digit of t?
6
Let a(q) = 4*q**2 - 12*q**2 + 12 + q**3 + 2*q + 2*q**2 - 13*q. What is the tens digit of a(8)?
5
Suppose -d - 3 = -6. Suppose 0 = -2*k + 3*l - l + 192, d*l + 96 = k. Suppose -5*i + k = 4*f, -3*i + 3*f + 36 = -0*f. What is the units digit of i?
6
Let l = -1866 - -1322. Let c be (l/(-170))/((-2)/160). Let p = 422 + c. What is the tens digit of p?
6
Suppose -93942 = 41*o - 22*o - 36*o. What is the units digit of o?
6
Let i = -4673 - -8166. What is the tens digit of i?
9
Let k = 131 - 135. Let q(j) = j + 6. Let x be q(-5). What is the units digit of (-259)/k + x/4?
5
Let c(z) = 255*z**2 - 30*z. What is the tens digit of c(5)?
2
Suppose r = 4*i - 58, -4*r - 76 = i + 105. Let b = 226 - r. What is the hundreds digit of b?
2
Let i(n) = n**3 + 4*n**2 - 12*n + 6. Let m be i(-6). Suppose 721 = 5*l + 3*j, 5*l - 739 = 9*j - m*j. What is the hundreds digit of l?
1
Suppose 0 = -39*c + 71132 + 2184394. What is the ten thousands digit of c?
5
Let y = 755 - -4352. What is the tens digit of y?
0
Suppose 0 = -b + 186 + 679. Suppose b = 16*l - 11*l. What is the units digit of l?
3
Suppose -166554 = -112*h - 37978. What is the hundreds digit of h?
1
Let w(v) = -v**2 - 5*v + 5. Let y be w(-5). Suppose -y*d - 36 = u, d - 43 - 33 = 5*u. Let z(i) = -4*i + 13. What is the tens digit of z(u)?
7
Suppose 3*r - 1 = -y + 10, 21 = 2*y + 5*r. Suppose 4*l + 46 + 1 = g, l = 4*g - y. What is the units digit of -3 - 44/l - (-127)/3?
3
Let r(s) = 32*s**3 - 3*s**2 - s + 40. What is the units digit of r(7)?
2
Let t be 132/(-36)*(2 - (-5)/(-1)). Let w(b) = 2*b**2 - 15*b - 11. Let h be w(t). Let g = -10 + h. What is the tens digit of g?
5
Let p = -42397 + 74251. What is the units digit of p?
4
Let v(g) = -65*g**3 - 8*g**2 - 10*g + 112. What is the tens digit of v(-6)?
2
Let m be -16 + -9 - (4 + -1). Let b = -14 - m. Let l(v) = v**2 - 11*v - 31. What is the tens digit of l(b)?
1
What is the units digit of ((-97449)/(-4) - -6) + 15/(-60)?
8
Suppose 1 + 2 = s, -2*o - 5*s + 369 = 0. Let b be 1 + (2 - 0) + o. Suppose 0 = 2*g + 4*z - b, 5*g - z - 93 = 4*g. What is the tens digit of g?
9
Let c(y) be the third derivative of -23*y**4/8 - 143*y**3/6 - 29*y**2. What is the units digit of c(-7)?
0
Let l = -22458 + 41409. What is the units digit of l?
1
Let y be -90*(6/(-4) + 6)*-2. Suppose w = -a - 2*w + 200, 0 = -4*a - 2*w + y. What is the hundreds digit of a?
2
Let l = 15011 - 8491. What is the thousands digit of l?
6
Let a = 15798 - 6992. What is the hundreds digit of a?
8
Suppose 5*m = -j + 1365, 5*m - 109 = j - 1424. What is the thousands digit of j?
1
Suppose 0 = -4*w + 23 + 21. Let z(j) = j**2 - 12*j + 17. Let m be z(w). Suppose -r = -4*s - 53, r = 5*s - m + 58. What is the tens digit of r?
5
What is the thousands digit of -4 - 1/(8/(-199440))?
4
Suppose -5*u = -2*d + 11, 3 = -2*d - 2*u + 7. Suppose 0 = d*k - 6 - 0. What is the units digit of (-24)/9*(-39)/k?
2
Suppose -3*y + 3*c = -42 + 18, 0 = y - 2*c - 7. Let o = 12 - y. Suppose -2*f + 195 = o*f. What is the units digit of f?
9
Let p(q) = -q**3 + 4*q**2 - 2*q + 1. Let m(d) = d**2 - 5*d + 9. Let u be m(2). Let z be p(u). Suppose -z*f = -12*f + 200. What is the units digit of f?
5
Let v = -192 - -1118. What is the hundreds digit of v?
9
What is the thousands digit of (-6)/(-6)*20*569/1?
1
Let v(u) = -u**3 + 1. Let t(q) = -5*q**3 + 79*q**2 - 41*q + 56. Let r(i) = -t(i) + 2*v(i). What is the tens digit of r(26)?
3
Let d = -30 + 49. Let u = -24 - d. Let z = 125 + u. What is the units digit of z?
2
Suppose 0 = n + 169 + 677. Let p = n - -1644. What is the tens digit of p?
9
Let j(y) = 17*y - 71. Let r be j(4). What is the units digit of (-1)/(r*5/3735)?
9
Suppose 7*b + 4794 = 43602. What is the units digit of b?
4
Let m = -1754 + 3075. Suppose -4*y = 2*f - 1306, 4*y + 5*f - 6*f = m. What is the units digit of y?
9
Let n(h) = -5*h + 6. Let m(j) = -1. Let o(d) = 6*m(d) + n(d). What is the hundreds digit of o(-22)?
1
Suppose -3*k = 5*u + 142211, -k - k = 3*u + 94806. What is the units digit of 9/(-8) + 1 + k/(-488)?
7
Let s(q) = 2*q + 6. Let b be s(-5). Let u be 29084/(-88) - (0 - (-2)/b). What is the tens digit of u/(-9) + (-3)/(-9)?
3
Let v(x) = 1 - 7955*x + 1 + 1 + 7598*x. What is the units digit of v(-2)?
7
Let t = 23533 - 4313. What is the ten thousands digit of t?
1
Suppose 4*a - 9*a = 4*f - 1, 3*f = a + 15. Suppose 3*v = 4*n - 932, -964 = -f*n - 0*v - 5*v. What is the units digit of n?
6
What is the ten thousands digit of 8 - (1 + -34030 - (-27)/(378/28))?
3
Suppose -q + 5*n + 24 = 0, 0 = 3*q + 6*n - 4*n - 21. Suppose -1239 + 447 = -q*t. What is the tens digit of t?
8
Suppose 4*x - 14383 = -4*n + 11617, -2*x = -4. What is the hundreds digit of n?
4
What is the units digit of (16874/(-8)*1)/(3/(-48))?
8
Suppose 11*l = -1857 + 8820. What is the units digit of l?
3
What is the tens digit of (-18)/10*1909415/(-129)?
4
Let w(h) be the third derivative of -h**6/120 + 2*h**5/15 - 5*h**4/24 - 2*h**3/3 + h**2. What is the tens digit of w(4)?
4
Let b be 3 - 0*(-2)/(-2). Suppose 0 = 21*l - 2 - 61. Suppose b*v - 167 = -4*s, l*v - 8*v = -4*s - 289. What is the tens digit of v?
5
Suppose 8213 = 2*z + 5*q, 2*z + q - 5378 = 2815. Suppose -16*y = -z + 830. What is the units digit of y?
4
Suppose 312*q - 193*q = 2246363. What 